{"id":121,"date":"2019-04-03T13:26:34","date_gmt":"2019-04-03T11:26:34","guid":{"rendered":"http:\/\/agroshow.getid.com.pl\/zielone\/?page_id=121"},"modified":"2025-10-27T15:33:13","modified_gmt":"2025-10-27T14:33:13","slug":"dojazd","status":"publish","type":"page","link":"https:\/\/agroshow.pl\/zielone_agroshow\/dla-zwiedzajacych\/dojazd","title":{"rendered":"Dojazd &#8211; lokalizacja wystawy"},"content":{"rendered":"\n<p>Moto-Park 08-503 Nowodw\u00f3r (by\u0142e lotnisko U\u0142\u0119\u017c).<br>Pozycja GPS 51.62248\u00b0N, 22.0883\u00b0E <\/p>\n","protected":false},"excerpt":{"rendered":"<p>Moto-Park 08-503 Nowodw\u00f3r (by\u0142e lotnisko U\u0142\u0119\u017c).Pozycja GPS 51.62248\u00b0N, 22.0883\u00b0E<\/p>\n","protected":false},"author":2,"featured_media":0,"parent":119,"menu_order":0,"comment_status":"closed","ping_status":"closed","template":"dojazd.php","meta":{"footnotes":""},"class_list":["post-121","page","type-page","status-publish","hentry"],"acf":[],"yoast_head":"<!-- This site is optimized with the Yoast SEO plugin v26.2 - https:\/\/yoast.com\/wordpress\/plugins\/seo\/ -->\n<title>Dojazd - lokalizacja wystawy - ZIELONE AGRO SHOW<\/title>\n<meta name=\"description\" content=\"Nie wiesz jak dojecha\u0107 na ZIELONE AGRO SHOW? Zobacz lokalizacj\u0119 wystawy zielonkowych maszyn rolniczych w Polsce. Sprawd\u017a dojazd na mapie na naszej stronie.\" \/>\n<meta name=\"robots\" content=\"index, follow, max-snippet:-1, max-image-preview:large, max-video-preview:-1\" \/>\n<link rel=\"canonical\" href=\"https:\/\/agroshow.pl\/zielone_agroshow\/dla-zwiedzajacych\/dojazd\" \/>\n<meta property=\"og:locale\" content=\"pl_PL\" \/>\n<meta property=\"og:type\" content=\"article\" \/>\n<meta property=\"og:title\" content=\"Dojazd - lokalizacja wystawy - ZIELONE AGRO SHOW\" \/>\n<meta property=\"og:description\" content=\"Nie wiesz jak dojecha\u0107 na ZIELONE AGRO SHOW? Zobacz lokalizacj\u0119 wystawy zielonkowych maszyn rolniczych w Polsce. Sprawd\u017a dojazd na mapie na naszej stronie.\" \/>\n<meta property=\"og:url\" content=\"https:\/\/agroshow.pl\/zielone_agroshow\/dla-zwiedzajacych\/dojazd\" \/>\n<meta property=\"og:site_name\" content=\"ZIELONE AGRO SHOW\" \/>\n<meta property=\"article:modified_time\" content=\"2025-10-27T14:33:13+00:00\" \/>\n<meta name=\"twitter:card\" content=\"summary_large_image\" \/>\n<meta name=\"twitter:label1\" content=\"Szacowany czas czytania\" \/>\n\t<meta name=\"twitter:data1\" content=\"1 minuta\" \/>\n<script type=\"application\/ld+json\" class=\"yoast-schema-graph\">{\"@context\":\"https:\/\/schema.org\",\"@graph\":[{\"@type\":\"WebPage\",\"@id\":\"https:\/\/agroshow.pl\/zielone_agroshow\/dla-zwiedzajacych\/dojazd\",\"url\":\"https:\/\/agroshow.pl\/zielone_agroshow\/dla-zwiedzajacych\/dojazd\",\"name\":\"Dojazd - lokalizacja wystawy - ZIELONE AGRO SHOW\",\"isPartOf\":{\"@id\":\"https:\/\/agroshow.pl\/zielone_agroshow\/#website\"},\"datePublished\":\"2019-04-03T11:26:34+00:00\",\"dateModified\":\"2025-10-27T14:33:13+00:00\",\"description\":\"Nie wiesz jak dojecha\u0107 na ZIELONE AGRO SHOW? Zobacz lokalizacj\u0119 wystawy zielonkowych maszyn rolniczych w Polsce. Sprawd\u017a dojazd na mapie na naszej stronie.\",\"breadcrumb\":{\"@id\":\"https:\/\/agroshow.pl\/zielone_agroshow\/dla-zwiedzajacych\/dojazd#breadcrumb\"},\"inLanguage\":\"pl-PL\",\"potentialAction\":[{\"@type\":\"ReadAction\",\"target\":[\"https:\/\/agroshow.pl\/zielone_agroshow\/dla-zwiedzajacych\/dojazd\"]}]},{\"@type\":\"BreadcrumbList\",\"@id\":\"https:\/\/agroshow.pl\/zielone_agroshow\/dla-zwiedzajacych\/dojazd#breadcrumb\",\"itemListElement\":[{\"@type\":\"ListItem\",\"position\":1,\"name\":\"Strona g\u0142\u00f3wna\",\"item\":\"https:\/\/agroshow.pl\/zielone_agroshow\"},{\"@type\":\"ListItem\",\"position\":2,\"name\":\"Dla zwiedzaj\u0105cych\",\"item\":\"https:\/\/agroshow.pl\/zielone_agroshow\/dla-zwiedzajacych\"},{\"@type\":\"ListItem\",\"position\":3,\"name\":\"Dojazd &#8211; lokalizacja wystawy\"}]},{\"@type\":\"WebSite\",\"@id\":\"https:\/\/agroshow.pl\/zielone_agroshow\/#website\",\"url\":\"https:\/\/agroshow.pl\/zielone_agroshow\/\",\"name\":\"ZIELONE AGRO SHOW\",\"description\":\"ZIELONE AGRO SHOW jest pierwsz\u0105 imprez\u0105 w Polsce po\u015bwi\u0119con\u0105 nowoczesnej technice i technologii produkcji wysokiej jako\u015bci pasz zielonych dla byd\u0142a. Poza wystawcami oferuj\u0105cymi nowoczesne maszyny rolnicze odwiedzi\u0107 mo\u017cna tak\u017ce firmy produkuj\u0105ce nasiona, nawozy, pasze i dodatki paszowe, folie rolnicze, elementy wyposa\u017cenia budynk\u00f3w inwentarskich oraz wiele innych.\",\"potentialAction\":[{\"@type\":\"SearchAction\",\"target\":{\"@type\":\"EntryPoint\",\"urlTemplate\":\"https:\/\/agroshow.pl\/zielone_agroshow\/?s={search_term_string}\"},\"query-input\":{\"@type\":\"PropertyValueSpecification\",\"valueRequired\":true,\"valueName\":\"search_term_string\"}}],\"inLanguage\":\"pl-PL\"}]}<\/script>\n<!-- \/ Yoast SEO plugin. -->","yoast_head_json":{"title":"Dojazd - lokalizacja wystawy - ZIELONE AGRO SHOW","description":"Nie wiesz jak dojecha\u0107 na ZIELONE AGRO SHOW? Zobacz lokalizacj\u0119 wystawy zielonkowych maszyn rolniczych w Polsce. Sprawd\u017a dojazd na mapie na naszej stronie.","robots":{"index":"index","follow":"follow","max-snippet":"max-snippet:-1","max-image-preview":"max-image-preview:large","max-video-preview":"max-video-preview:-1"},"canonical":"https:\/\/agroshow.pl\/zielone_agroshow\/dla-zwiedzajacych\/dojazd","og_locale":"pl_PL","og_type":"article","og_title":"Dojazd - lokalizacja wystawy - ZIELONE AGRO SHOW","og_description":"Nie wiesz jak dojecha\u0107 na ZIELONE AGRO SHOW? Zobacz lokalizacj\u0119 wystawy zielonkowych maszyn rolniczych w Polsce. Sprawd\u017a dojazd na mapie na naszej stronie.","og_url":"https:\/\/agroshow.pl\/zielone_agroshow\/dla-zwiedzajacych\/dojazd","og_site_name":"ZIELONE AGRO SHOW","article_modified_time":"2025-10-27T14:33:13+00:00","twitter_card":"summary_large_image","twitter_misc":{"Szacowany czas czytania":"1 minuta"},"schema":{"@context":"https:\/\/schema.org","@graph":[{"@type":"WebPage","@id":"https:\/\/agroshow.pl\/zielone_agroshow\/dla-zwiedzajacych\/dojazd","url":"https:\/\/agroshow.pl\/zielone_agroshow\/dla-zwiedzajacych\/dojazd","name":"Dojazd - lokalizacja wystawy - ZIELONE AGRO SHOW","isPartOf":{"@id":"https:\/\/agroshow.pl\/zielone_agroshow\/#website"},"datePublished":"2019-04-03T11:26:34+00:00","dateModified":"2025-10-27T14:33:13+00:00","description":"Nie wiesz jak dojecha\u0107 na ZIELONE AGRO SHOW? Zobacz lokalizacj\u0119 wystawy zielonkowych maszyn rolniczych w Polsce. Sprawd\u017a dojazd na mapie na naszej stronie.","breadcrumb":{"@id":"https:\/\/agroshow.pl\/zielone_agroshow\/dla-zwiedzajacych\/dojazd#breadcrumb"},"inLanguage":"pl-PL","potentialAction":[{"@type":"ReadAction","target":["https:\/\/agroshow.pl\/zielone_agroshow\/dla-zwiedzajacych\/dojazd"]}]},{"@type":"BreadcrumbList","@id":"https:\/\/agroshow.pl\/zielone_agroshow\/dla-zwiedzajacych\/dojazd#breadcrumb","itemListElement":[{"@type":"ListItem","position":1,"name":"Strona g\u0142\u00f3wna","item":"https:\/\/agroshow.pl\/zielone_agroshow"},{"@type":"ListItem","position":2,"name":"Dla zwiedzaj\u0105cych","item":"https:\/\/agroshow.pl\/zielone_agroshow\/dla-zwiedzajacych"},{"@type":"ListItem","position":3,"name":"Dojazd &#8211; lokalizacja wystawy"}]},{"@type":"WebSite","@id":"https:\/\/agroshow.pl\/zielone_agroshow\/#website","url":"https:\/\/agroshow.pl\/zielone_agroshow\/","name":"ZIELONE AGRO SHOW","description":"ZIELONE AGRO SHOW jest pierwsz\u0105 imprez\u0105 w Polsce po\u015bwi\u0119con\u0105 nowoczesnej technice i technologii produkcji wysokiej jako\u015bci pasz zielonych dla byd\u0142a. Poza wystawcami oferuj\u0105cymi nowoczesne maszyny rolnicze odwiedzi\u0107 mo\u017cna tak\u017ce firmy produkuj\u0105ce nasiona, nawozy, pasze i dodatki paszowe, folie rolnicze, elementy wyposa\u017cenia budynk\u00f3w inwentarskich oraz wiele innych.","potentialAction":[{"@type":"SearchAction","target":{"@type":"EntryPoint","urlTemplate":"https:\/\/agroshow.pl\/zielone_agroshow\/?s={search_term_string}"},"query-input":{"@type":"PropertyValueSpecification","valueRequired":true,"valueName":"search_term_string"}}],"inLanguage":"pl-PL"}]}},"_links":{"self":[{"href":"https:\/\/agroshow.pl\/zielone_agroshow\/wp-json\/wp\/v2\/pages\/121","targetHints":{"allow":["GET"]}}],"collection":[{"href":"https:\/\/agroshow.pl\/zielone_agroshow\/wp-json\/wp\/v2\/pages"}],"about":[{"href":"https:\/\/agroshow.pl\/zielone_agroshow\/wp-json\/wp\/v2\/types\/page"}],"author":[{"embeddable":true,"href":"https:\/\/agroshow.pl\/zielone_agroshow\/wp-json\/wp\/v2\/users\/2"}],"replies":[{"embeddable":true,"href":"https:\/\/agroshow.pl\/zielone_agroshow\/wp-json\/wp\/v2\/comments?post=121"}],"version-history":[{"count":21,"href":"https:\/\/agroshow.pl\/zielone_agroshow\/wp-json\/wp\/v2\/pages\/121\/revisions"}],"predecessor-version":[{"id":7555,"href":"https:\/\/agroshow.pl\/zielone_agroshow\/wp-json\/wp\/v2\/pages\/121\/revisions\/7555"}],"up":[{"embeddable":true,"href":"https:\/\/agroshow.pl\/zielone_agroshow\/wp-json\/wp\/v2\/pages\/119"}],"wp:attachment":[{"href":"https:\/\/agroshow.pl\/zielone_agroshow\/wp-json\/wp\/v2\/media?parent=121"}],"curies":[{"name":"wp","href":"https:\/\/api.w.org\/{rel}","templated":true}]}}