{"id":84,"date":"2019-04-03T13:10:36","date_gmt":"2019-04-03T11:10:36","guid":{"rendered":"http:\/\/agroshow.getid.com.pl\/?page_id=84"},"modified":"2022-12-21T18:59:50","modified_gmt":"2022-12-21T17:59:50","slug":"zorganizuj-wydarzenie","status":"publish","type":"page","link":"https:\/\/agroshow.pl\/agroshow\/dla-wystawcow\/zorganizuj-wydarzenie","title":{"rendered":"Zorganizuj wydarzenie"},"content":{"rendered":"\n<p>Wystawco. To jest miejsce gdzie masz mo\u017cliwo\u015b\u0107 wpisania wydarzenia, kt\u00f3rym chcia\u0142by\u015b si\u0119 pochwali\u0107 i kt\u00f3re widoczne b\u0119dzie w oficjalnym programie wystawy. Zanim jednak si\u0119 w nim pojawi, b\u0119dzie musia\u0142o by\u0107 zaakceptowane przez organizator\u00f3w wystawy. Prosz\u0119 pami\u0119ta\u0107, \u017ce w oficjalnym programie wystawy AGRO SHOW, prezentowane b\u0119d\u0105 tylko wydarzenia o charakterze merytorycznym typu: konferencja, prezentacje, pokazy itp. <\/p>\n\n\n\n<p>Aby doda\u0107 wydarzenie do planu, prosz\u0119 wype\u0142ni\u0107 poni\u017csze pola.<\/p>\n","protected":false},"excerpt":{"rendered":"<p>Wystawco. To jest miejsce gdzie masz mo\u017cliwo\u015b\u0107 wpisania wydarzenia, kt\u00f3rym chcia\u0142by\u015b si\u0119 pochwali\u0107 i kt\u00f3re widoczne b\u0119dzie w oficjalnym programie wystawy. Zanim jednak si\u0119 w nim pojawi, b\u0119dzie musia\u0142o by\u0107 zaakceptowane przez organizator\u00f3w wystawy. Prosz\u0119 pami\u0119ta\u0107, \u017ce w oficjalnym programie wystawy AGRO SHOW, prezentowane b\u0119d\u0105 tylko wydarzenia o charakterze merytorycznym typu: konferencja, prezentacje, pokazy itp. [&hellip;]<\/p>\n","protected":false},"author":2,"featured_media":0,"parent":115,"menu_order":0,"comment_status":"closed","ping_status":"closed","template":"zgloszenie.php","meta":{"inline_featured_image":false,"footnotes":""},"class_list":["post-84","page","type-page","status-publish","hentry"],"acf":[],"yoast_head":"<!-- This site is optimized with the Yoast SEO plugin v26.2 - https:\/\/yoast.com\/wordpress\/plugins\/seo\/ -->\n<title>Zorganizuj wydarzenie - AGRO SHOW<\/title>\n<meta name=\"description\" content=\"Organizujesz wydarzenie, o kt\u00f3rym chcesz poinformowa\u0107 zwiedzaj\u0105cych wystaw\u0119 maszyn? Wype\u0142nij formularz, aby informacje znalaz\u0142y si\u0119 w katalogu wystawy.\" \/>\n<meta name=\"robots\" content=\"index, follow, max-snippet:-1, max-image-preview:large, max-video-preview:-1\" \/>\n<link rel=\"canonical\" href=\"https:\/\/agroshow.pl\/agroshow\/dla-wystawcow\/zorganizuj-wydarzenie\" \/>\n<meta property=\"og:locale\" content=\"pl_PL\" \/>\n<meta property=\"og:type\" content=\"article\" \/>\n<meta property=\"og:title\" content=\"Zorganizuj wydarzenie - AGRO SHOW\" \/>\n<meta property=\"og:description\" content=\"Organizujesz wydarzenie, o kt\u00f3rym chcesz poinformowa\u0107 zwiedzaj\u0105cych wystaw\u0119 maszyn? Wype\u0142nij formularz, aby informacje znalaz\u0142y si\u0119 w katalogu wystawy.\" \/>\n<meta property=\"og:url\" content=\"https:\/\/agroshow.pl\/agroshow\/dla-wystawcow\/zorganizuj-wydarzenie\" \/>\n<meta property=\"og:site_name\" content=\"AGRO SHOW\" \/>\n<meta property=\"article:modified_time\" content=\"2022-12-21T17:59:50+00:00\" \/>\n<meta name=\"twitter:card\" content=\"summary_large_image\" \/>\n<script type=\"application\/ld+json\" class=\"yoast-schema-graph\">{\"@context\":\"https:\/\/schema.org\",\"@graph\":[{\"@type\":\"WebPage\",\"@id\":\"https:\/\/agroshow.pl\/agroshow\/dla-wystawcow\/zorganizuj-wydarzenie\",\"url\":\"https:\/\/agroshow.pl\/agroshow\/dla-wystawcow\/zorganizuj-wydarzenie\",\"name\":\"Zorganizuj wydarzenie - AGRO SHOW\",\"isPartOf\":{\"@id\":\"http:\/\/agroshow.pl\/agroshow\/#website\"},\"datePublished\":\"2019-04-03T11:10:36+00:00\",\"dateModified\":\"2022-12-21T17:59:50+00:00\",\"description\":\"Organizujesz wydarzenie, o kt\u00f3rym chcesz poinformowa\u0107 zwiedzaj\u0105cych wystaw\u0119 maszyn? Wype\u0142nij formularz, aby informacje znalaz\u0142y si\u0119 w katalogu wystawy.\",\"breadcrumb\":{\"@id\":\"https:\/\/agroshow.pl\/agroshow\/dla-wystawcow\/zorganizuj-wydarzenie#breadcrumb\"},\"inLanguage\":\"pl-PL\",\"potentialAction\":[{\"@type\":\"ReadAction\",\"target\":[\"https:\/\/agroshow.pl\/agroshow\/dla-wystawcow\/zorganizuj-wydarzenie\"]}]},{\"@type\":\"BreadcrumbList\",\"@id\":\"https:\/\/agroshow.pl\/agroshow\/dla-wystawcow\/zorganizuj-wydarzenie#breadcrumb\",\"itemListElement\":[{\"@type\":\"ListItem\",\"position\":1,\"name\":\"Strona g\u0142\u00f3wna\",\"item\":\"http:\/\/agroshow.pl\/agroshow\"},{\"@type\":\"ListItem\",\"position\":2,\"name\":\"Dla wystawc\u00f3w\",\"item\":\"https:\/\/agroshow.pl\/agroshow\/dla-wystawcow\"},{\"@type\":\"ListItem\",\"position\":3,\"name\":\"Zorganizuj wydarzenie\"}]},{\"@type\":\"WebSite\",\"@id\":\"http:\/\/agroshow.pl\/agroshow\/#website\",\"url\":\"http:\/\/agroshow.pl\/agroshow\/\",\"name\":\"AGRO SHOW\",\"description\":\"Mi\u0119dzynarodowa Wystawa Rolnicza AGRO SHOW organizowana jest przez Polsk\u0105 Izb\u0119 Gospodarcz\u0105 Maszyn i Urz\u0105dze\u0144 Rolniczych od 1999 roku. AGRO SHOW od lat postrzegane jest jako doskona\u0142e miejsce prezentacji najnowszych i najnowocze\u015bniejszych maszyn i urz\u0105dze\u0144 rolniczych.\",\"potentialAction\":[{\"@type\":\"SearchAction\",\"target\":{\"@type\":\"EntryPoint\",\"urlTemplate\":\"http:\/\/agroshow.pl\/agroshow\/?s={search_term_string}\"},\"query-input\":{\"@type\":\"PropertyValueSpecification\",\"valueRequired\":true,\"valueName\":\"search_term_string\"}}],\"inLanguage\":\"pl-PL\"}]}<\/script>\n<!-- \/ Yoast SEO plugin. -->","yoast_head_json":{"title":"Zorganizuj wydarzenie - AGRO SHOW","description":"Organizujesz wydarzenie, o kt\u00f3rym chcesz poinformowa\u0107 zwiedzaj\u0105cych wystaw\u0119 maszyn? Wype\u0142nij formularz, aby informacje znalaz\u0142y si\u0119 w katalogu wystawy.","robots":{"index":"index","follow":"follow","max-snippet":"max-snippet:-1","max-image-preview":"max-image-preview:large","max-video-preview":"max-video-preview:-1"},"canonical":"https:\/\/agroshow.pl\/agroshow\/dla-wystawcow\/zorganizuj-wydarzenie","og_locale":"pl_PL","og_type":"article","og_title":"Zorganizuj wydarzenie - AGRO SHOW","og_description":"Organizujesz wydarzenie, o kt\u00f3rym chcesz poinformowa\u0107 zwiedzaj\u0105cych wystaw\u0119 maszyn? Wype\u0142nij formularz, aby informacje znalaz\u0142y si\u0119 w katalogu wystawy.","og_url":"https:\/\/agroshow.pl\/agroshow\/dla-wystawcow\/zorganizuj-wydarzenie","og_site_name":"AGRO SHOW","article_modified_time":"2022-12-21T17:59:50+00:00","twitter_card":"summary_large_image","schema":{"@context":"https:\/\/schema.org","@graph":[{"@type":"WebPage","@id":"https:\/\/agroshow.pl\/agroshow\/dla-wystawcow\/zorganizuj-wydarzenie","url":"https:\/\/agroshow.pl\/agroshow\/dla-wystawcow\/zorganizuj-wydarzenie","name":"Zorganizuj wydarzenie - AGRO SHOW","isPartOf":{"@id":"http:\/\/agroshow.pl\/agroshow\/#website"},"datePublished":"2019-04-03T11:10:36+00:00","dateModified":"2022-12-21T17:59:50+00:00","description":"Organizujesz wydarzenie, o kt\u00f3rym chcesz poinformowa\u0107 zwiedzaj\u0105cych wystaw\u0119 maszyn? Wype\u0142nij formularz, aby informacje znalaz\u0142y si\u0119 w katalogu wystawy.","breadcrumb":{"@id":"https:\/\/agroshow.pl\/agroshow\/dla-wystawcow\/zorganizuj-wydarzenie#breadcrumb"},"inLanguage":"pl-PL","potentialAction":[{"@type":"ReadAction","target":["https:\/\/agroshow.pl\/agroshow\/dla-wystawcow\/zorganizuj-wydarzenie"]}]},{"@type":"BreadcrumbList","@id":"https:\/\/agroshow.pl\/agroshow\/dla-wystawcow\/zorganizuj-wydarzenie#breadcrumb","itemListElement":[{"@type":"ListItem","position":1,"name":"Strona g\u0142\u00f3wna","item":"http:\/\/agroshow.pl\/agroshow"},{"@type":"ListItem","position":2,"name":"Dla wystawc\u00f3w","item":"https:\/\/agroshow.pl\/agroshow\/dla-wystawcow"},{"@type":"ListItem","position":3,"name":"Zorganizuj wydarzenie"}]},{"@type":"WebSite","@id":"http:\/\/agroshow.pl\/agroshow\/#website","url":"http:\/\/agroshow.pl\/agroshow\/","name":"AGRO SHOW","description":"Mi\u0119dzynarodowa Wystawa Rolnicza AGRO SHOW organizowana jest przez Polsk\u0105 Izb\u0119 Gospodarcz\u0105 Maszyn i Urz\u0105dze\u0144 Rolniczych od 1999 roku. AGRO SHOW od lat postrzegane jest jako doskona\u0142e miejsce prezentacji najnowszych i najnowocze\u015bniejszych maszyn i urz\u0105dze\u0144 rolniczych.","potentialAction":[{"@type":"SearchAction","target":{"@type":"EntryPoint","urlTemplate":"http:\/\/agroshow.pl\/agroshow\/?s={search_term_string}"},"query-input":{"@type":"PropertyValueSpecification","valueRequired":true,"valueName":"search_term_string"}}],"inLanguage":"pl-PL"}]}},"_links":{"self":[{"href":"https:\/\/agroshow.pl\/agroshow\/wp-json\/wp\/v2\/pages\/84","targetHints":{"allow":["GET"]}}],"collection":[{"href":"https:\/\/agroshow.pl\/agroshow\/wp-json\/wp\/v2\/pages"}],"about":[{"href":"https:\/\/agroshow.pl\/agroshow\/wp-json\/wp\/v2\/types\/page"}],"author":[{"embeddable":true,"href":"https:\/\/agroshow.pl\/agroshow\/wp-json\/wp\/v2\/users\/2"}],"replies":[{"embeddable":true,"href":"https:\/\/agroshow.pl\/agroshow\/wp-json\/wp\/v2\/comments?post=84"}],"version-history":[{"count":9,"href":"https:\/\/agroshow.pl\/agroshow\/wp-json\/wp\/v2\/pages\/84\/revisions"}],"predecessor-version":[{"id":2024,"href":"https:\/\/agroshow.pl\/agroshow\/wp-json\/wp\/v2\/pages\/84\/revisions\/2024"}],"up":[{"embeddable":true,"href":"https:\/\/agroshow.pl\/agroshow\/wp-json\/wp\/v2\/pages\/115"}],"wp:attachment":[{"href":"https:\/\/agroshow.pl\/agroshow\/wp-json\/wp\/v2\/media?parent=84"}],"curies":[{"name":"wp","href":"https:\/\/api.w.org\/{rel}","templated":true}]}}