{"id":2077,"date":"2019-05-30T09:11:45","date_gmt":"2019-05-30T07:11:45","guid":{"rendered":"https:\/\/www.agroshow.eu\/agroshow\/?page_id=2077"},"modified":"2026-02-03T10:55:41","modified_gmt":"2026-02-03T09:55:41","slug":"zabudowa-stoiska-i-wynajem-hal-namiotowych","status":"publish","type":"page","link":"https:\/\/agroshow.pl\/agroshow\/dla-wystawcow\/zabudowa-stoiska-i-wynajem-hal-namiotowych","title":{"rendered":"Zabudowa stoiska i wynajem hal namiotowych"},"content":{"rendered":"\n<p>W kwestii zabudowy stoiska rekomendujemy kontakt z firm\u0105:<br><strong>IDEA Expo <br>tel. +48 603 59 04 78<br>ideaexpo@grupamtp.pl<\/strong><\/p>\n\n\n\n<p><\/p>\n\n\n\n<figure class=\"wp-block-image\"><img loading=\"lazy\" decoding=\"async\" width=\"824\" height=\"267\" src=\"https:\/\/agroshow.pl\/agroshow\/wp-content\/uploads\/2019\/05\/idea_www.jpg\" alt=\"\" class=\"wp-image-2059\" srcset=\"https:\/\/agroshow.pl\/agroshow\/wp-content\/uploads\/2019\/05\/idea_www.jpg 824w, https:\/\/agroshow.pl\/agroshow\/wp-content\/uploads\/2019\/05\/idea_www-600x194.jpg 600w, https:\/\/agroshow.pl\/agroshow\/wp-content\/uploads\/2019\/05\/idea_www-768x249.jpg 768w\" sizes=\"auto, (max-width: 824px) 100vw, 824px\" \/><\/figure>\n\n\n\n<p><\/p>\n\n\n\n<p>W kwestii wynajmu namiot\u00f3w i hal namiotowych rekomendujemy kontakt z firm\u0105:<br><br><strong>Elmark Hale Namiotowe Sp. z o.o. \u00a0<br>tel. +48 698 628 463<\/strong><\/p>\n\n\n\n<figure class=\"wp-block-image size-full\"><img loading=\"lazy\" decoding=\"async\" width=\"200\" height=\"200\" src=\"http:\/\/agroshow.pl\/agroshow\/wp-content\/uploads\/2026\/02\/logo.jpeg\" alt=\"\" class=\"wp-image-15949\"\/><\/figure>\n","protected":false},"excerpt":{"rendered":"<p>W kwestii zabudowy stoiska rekomendujemy kontakt z firm\u0105:IDEA Expo tel. +48 603 59 04 78ideaexpo@grupamtp.pl W kwestii wynajmu namiot\u00f3w i hal namiotowych rekomendujemy kontakt z firm\u0105: Elmark Hale Namiotowe Sp. z o.o. \u00a0tel. +48 698 628 463<\/p>\n","protected":false},"author":5,"featured_media":0,"parent":115,"menu_order":0,"comment_status":"closed","ping_status":"closed","template":"","meta":{"inline_featured_image":false,"footnotes":""},"class_list":["post-2077","page","type-page","status-publish","hentry"],"acf":[],"yoast_head":"<!-- This site is optimized with the Yoast SEO plugin v26.2 - https:\/\/yoast.com\/wordpress\/plugins\/seo\/ -->\n<title>Zabudowa stoiska i wynajem hal namiotowych - AGRO SHOW<\/title>\n<meta name=\"description\" content=\"Przygotuj swoje stoisko podczas wystawy rolniczej AGRO SHOW, dopasowuj\u0105c je do potrzeb swojej prezentacji. Rekomendujemy kontakty.\" \/>\n<meta name=\"robots\" content=\"index, follow, max-snippet:-1, max-image-preview:large, max-video-preview:-1\" \/>\n<link rel=\"canonical\" href=\"https:\/\/agroshow.pl\/agroshow\/dla-wystawcow\/zabudowa-stoiska-i-wynajem-hal-namiotowych\" \/>\n<meta property=\"og:locale\" content=\"pl_PL\" \/>\n<meta property=\"og:type\" content=\"article\" \/>\n<meta property=\"og:title\" content=\"Zabudowa stoiska i wynajem hal namiotowych - AGRO SHOW\" \/>\n<meta property=\"og:description\" content=\"Przygotuj swoje stoisko podczas wystawy rolniczej AGRO SHOW, dopasowuj\u0105c je do potrzeb swojej prezentacji. Rekomendujemy kontakty.\" \/>\n<meta property=\"og:url\" content=\"https:\/\/agroshow.pl\/agroshow\/dla-wystawcow\/zabudowa-stoiska-i-wynajem-hal-namiotowych\" \/>\n<meta property=\"og:site_name\" content=\"AGRO SHOW\" \/>\n<meta property=\"article:modified_time\" content=\"2026-02-03T09:55:41+00:00\" \/>\n<meta property=\"og:image\" content=\"https:\/\/agroshow.pl\/agroshow\/wp-content\/uploads\/2019\/05\/idea_www.jpg\" \/>\n<meta name=\"twitter:card\" content=\"summary_large_image\" \/>\n<meta name=\"twitter:label1\" content=\"Szacowany czas czytania\" \/>\n\t<meta name=\"twitter:data1\" content=\"1 minuta\" \/>\n<script type=\"application\/ld+json\" class=\"yoast-schema-graph\">{\"@context\":\"https:\/\/schema.org\",\"@graph\":[{\"@type\":\"WebPage\",\"@id\":\"https:\/\/agroshow.pl\/agroshow\/dla-wystawcow\/zabudowa-stoiska-i-wynajem-hal-namiotowych\",\"url\":\"https:\/\/agroshow.pl\/agroshow\/dla-wystawcow\/zabudowa-stoiska-i-wynajem-hal-namiotowych\",\"name\":\"Zabudowa stoiska i wynajem hal namiotowych - AGRO SHOW\",\"isPartOf\":{\"@id\":\"http:\/\/agroshow.pl\/agroshow\/#website\"},\"primaryImageOfPage\":{\"@id\":\"https:\/\/agroshow.pl\/agroshow\/dla-wystawcow\/zabudowa-stoiska-i-wynajem-hal-namiotowych#primaryimage\"},\"image\":{\"@id\":\"https:\/\/agroshow.pl\/agroshow\/dla-wystawcow\/zabudowa-stoiska-i-wynajem-hal-namiotowych#primaryimage\"},\"thumbnailUrl\":\"https:\/\/agroshow.pl\/agroshow\/wp-content\/uploads\/2019\/05\/idea_www.jpg\",\"datePublished\":\"2019-05-30T07:11:45+00:00\",\"dateModified\":\"2026-02-03T09:55:41+00:00\",\"description\":\"Przygotuj swoje stoisko podczas wystawy rolniczej AGRO SHOW, dopasowuj\u0105c je do potrzeb swojej prezentacji. Rekomendujemy kontakty.\",\"breadcrumb\":{\"@id\":\"https:\/\/agroshow.pl\/agroshow\/dla-wystawcow\/zabudowa-stoiska-i-wynajem-hal-namiotowych#breadcrumb\"},\"inLanguage\":\"pl-PL\",\"potentialAction\":[{\"@type\":\"ReadAction\",\"target\":[\"https:\/\/agroshow.pl\/agroshow\/dla-wystawcow\/zabudowa-stoiska-i-wynajem-hal-namiotowych\"]}]},{\"@type\":\"ImageObject\",\"inLanguage\":\"pl-PL\",\"@id\":\"https:\/\/agroshow.pl\/agroshow\/dla-wystawcow\/zabudowa-stoiska-i-wynajem-hal-namiotowych#primaryimage\",\"url\":\"https:\/\/agroshow.pl\/agroshow\/wp-content\/uploads\/2019\/05\/idea_www.jpg\",\"contentUrl\":\"https:\/\/agroshow.pl\/agroshow\/wp-content\/uploads\/2019\/05\/idea_www.jpg\",\"width\":824,\"height\":267,\"caption\":\"idea www\"},{\"@type\":\"BreadcrumbList\",\"@id\":\"https:\/\/agroshow.pl\/agroshow\/dla-wystawcow\/zabudowa-stoiska-i-wynajem-hal-namiotowych#breadcrumb\",\"itemListElement\":[{\"@type\":\"ListItem\",\"position\":1,\"name\":\"Strona g\u0142\u00f3wna\",\"item\":\"http:\/\/agroshow.pl\/agroshow\"},{\"@type\":\"ListItem\",\"position\":2,\"name\":\"Dla wystawc\u00f3w\",\"item\":\"https:\/\/agroshow.pl\/agroshow\/dla-wystawcow\"},{\"@type\":\"ListItem\",\"position\":3,\"name\":\"Zabudowa stoiska i wynajem hal namiotowych\"}]},{\"@type\":\"WebSite\",\"@id\":\"http:\/\/agroshow.pl\/agroshow\/#website\",\"url\":\"http:\/\/agroshow.pl\/agroshow\/\",\"name\":\"AGRO SHOW\",\"description\":\"Mi\u0119dzynarodowa Wystawa Rolnicza AGRO SHOW organizowana jest przez Polsk\u0105 Izb\u0119 Gospodarcz\u0105 Maszyn i Urz\u0105dze\u0144 Rolniczych od 1999 roku. AGRO SHOW od lat postrzegane jest jako doskona\u0142e miejsce prezentacji najnowszych i najnowocze\u015bniejszych maszyn i urz\u0105dze\u0144 rolniczych.\",\"potentialAction\":[{\"@type\":\"SearchAction\",\"target\":{\"@type\":\"EntryPoint\",\"urlTemplate\":\"http:\/\/agroshow.pl\/agroshow\/?s={search_term_string}\"},\"query-input\":{\"@type\":\"PropertyValueSpecification\",\"valueRequired\":true,\"valueName\":\"search_term_string\"}}],\"inLanguage\":\"pl-PL\"}]}<\/script>\n<!-- \/ Yoast SEO plugin. -->","yoast_head_json":{"title":"Zabudowa stoiska i wynajem hal namiotowych - AGRO SHOW","description":"Przygotuj swoje stoisko podczas wystawy rolniczej AGRO SHOW, dopasowuj\u0105c je do potrzeb swojej prezentacji. Rekomendujemy kontakty.","robots":{"index":"index","follow":"follow","max-snippet":"max-snippet:-1","max-image-preview":"max-image-preview:large","max-video-preview":"max-video-preview:-1"},"canonical":"https:\/\/agroshow.pl\/agroshow\/dla-wystawcow\/zabudowa-stoiska-i-wynajem-hal-namiotowych","og_locale":"pl_PL","og_type":"article","og_title":"Zabudowa stoiska i wynajem hal namiotowych - AGRO SHOW","og_description":"Przygotuj swoje stoisko podczas wystawy rolniczej AGRO SHOW, dopasowuj\u0105c je do potrzeb swojej prezentacji. Rekomendujemy kontakty.","og_url":"https:\/\/agroshow.pl\/agroshow\/dla-wystawcow\/zabudowa-stoiska-i-wynajem-hal-namiotowych","og_site_name":"AGRO SHOW","article_modified_time":"2026-02-03T09:55:41+00:00","og_image":[{"url":"https:\/\/agroshow.pl\/agroshow\/wp-content\/uploads\/2019\/05\/idea_www.jpg","type":"","width":"","height":""}],"twitter_card":"summary_large_image","twitter_misc":{"Szacowany czas czytania":"1 minuta"},"schema":{"@context":"https:\/\/schema.org","@graph":[{"@type":"WebPage","@id":"https:\/\/agroshow.pl\/agroshow\/dla-wystawcow\/zabudowa-stoiska-i-wynajem-hal-namiotowych","url":"https:\/\/agroshow.pl\/agroshow\/dla-wystawcow\/zabudowa-stoiska-i-wynajem-hal-namiotowych","name":"Zabudowa stoiska i wynajem hal namiotowych - AGRO SHOW","isPartOf":{"@id":"http:\/\/agroshow.pl\/agroshow\/#website"},"primaryImageOfPage":{"@id":"https:\/\/agroshow.pl\/agroshow\/dla-wystawcow\/zabudowa-stoiska-i-wynajem-hal-namiotowych#primaryimage"},"image":{"@id":"https:\/\/agroshow.pl\/agroshow\/dla-wystawcow\/zabudowa-stoiska-i-wynajem-hal-namiotowych#primaryimage"},"thumbnailUrl":"https:\/\/agroshow.pl\/agroshow\/wp-content\/uploads\/2019\/05\/idea_www.jpg","datePublished":"2019-05-30T07:11:45+00:00","dateModified":"2026-02-03T09:55:41+00:00","description":"Przygotuj swoje stoisko podczas wystawy rolniczej AGRO SHOW, dopasowuj\u0105c je do potrzeb swojej prezentacji. Rekomendujemy kontakty.","breadcrumb":{"@id":"https:\/\/agroshow.pl\/agroshow\/dla-wystawcow\/zabudowa-stoiska-i-wynajem-hal-namiotowych#breadcrumb"},"inLanguage":"pl-PL","potentialAction":[{"@type":"ReadAction","target":["https:\/\/agroshow.pl\/agroshow\/dla-wystawcow\/zabudowa-stoiska-i-wynajem-hal-namiotowych"]}]},{"@type":"ImageObject","inLanguage":"pl-PL","@id":"https:\/\/agroshow.pl\/agroshow\/dla-wystawcow\/zabudowa-stoiska-i-wynajem-hal-namiotowych#primaryimage","url":"https:\/\/agroshow.pl\/agroshow\/wp-content\/uploads\/2019\/05\/idea_www.jpg","contentUrl":"https:\/\/agroshow.pl\/agroshow\/wp-content\/uploads\/2019\/05\/idea_www.jpg","width":824,"height":267,"caption":"idea www"},{"@type":"BreadcrumbList","@id":"https:\/\/agroshow.pl\/agroshow\/dla-wystawcow\/zabudowa-stoiska-i-wynajem-hal-namiotowych#breadcrumb","itemListElement":[{"@type":"ListItem","position":1,"name":"Strona g\u0142\u00f3wna","item":"http:\/\/agroshow.pl\/agroshow"},{"@type":"ListItem","position":2,"name":"Dla wystawc\u00f3w","item":"https:\/\/agroshow.pl\/agroshow\/dla-wystawcow"},{"@type":"ListItem","position":3,"name":"Zabudowa stoiska i wynajem hal namiotowych"}]},{"@type":"WebSite","@id":"http:\/\/agroshow.pl\/agroshow\/#website","url":"http:\/\/agroshow.pl\/agroshow\/","name":"AGRO SHOW","description":"Mi\u0119dzynarodowa Wystawa Rolnicza AGRO SHOW organizowana jest przez Polsk\u0105 Izb\u0119 Gospodarcz\u0105 Maszyn i Urz\u0105dze\u0144 Rolniczych od 1999 roku. AGRO SHOW od lat postrzegane jest jako doskona\u0142e miejsce prezentacji najnowszych i najnowocze\u015bniejszych maszyn i urz\u0105dze\u0144 rolniczych.","potentialAction":[{"@type":"SearchAction","target":{"@type":"EntryPoint","urlTemplate":"http:\/\/agroshow.pl\/agroshow\/?s={search_term_string}"},"query-input":{"@type":"PropertyValueSpecification","valueRequired":true,"valueName":"search_term_string"}}],"inLanguage":"pl-PL"}]}},"_links":{"self":[{"href":"https:\/\/agroshow.pl\/agroshow\/wp-json\/wp\/v2\/pages\/2077","targetHints":{"allow":["GET"]}}],"collection":[{"href":"https:\/\/agroshow.pl\/agroshow\/wp-json\/wp\/v2\/pages"}],"about":[{"href":"https:\/\/agroshow.pl\/agroshow\/wp-json\/wp\/v2\/types\/page"}],"author":[{"embeddable":true,"href":"https:\/\/agroshow.pl\/agroshow\/wp-json\/wp\/v2\/users\/5"}],"replies":[{"embeddable":true,"href":"https:\/\/agroshow.pl\/agroshow\/wp-json\/wp\/v2\/comments?post=2077"}],"version-history":[{"count":9,"href":"https:\/\/agroshow.pl\/agroshow\/wp-json\/wp\/v2\/pages\/2077\/revisions"}],"predecessor-version":[{"id":15956,"href":"https:\/\/agroshow.pl\/agroshow\/wp-json\/wp\/v2\/pages\/2077\/revisions\/15956"}],"up":[{"embeddable":true,"href":"https:\/\/agroshow.pl\/agroshow\/wp-json\/wp\/v2\/pages\/115"}],"wp:attachment":[{"href":"https:\/\/agroshow.pl\/agroshow\/wp-json\/wp\/v2\/media?parent=2077"}],"curies":[{"name":"wp","href":"https:\/\/api.w.org\/{rel}","templated":true}]}}