{"id":15698,"date":"2025-09-16T17:06:50","date_gmt":"2025-09-16T15:06:50","guid":{"rendered":"https:\/\/agroshow.pl\/agroshow?page_id=15698"},"modified":"2025-09-17T13:32:20","modified_gmt":"2025-09-17T11:32:20","slug":"polityka-prywatnosci","status":"publish","type":"page","link":"https:\/\/agroshow.pl\/agroshow\/polityka-prywatnosci","title":{"rendered":"Polityka prywatno\u015bci i cookies"},"content":{"rendered":"\n<style>\n.content-aside .content-aside__aside { display:none;}\n\n<\/style>\n\n\n<h2>KARTA INFORMACJI O PRAWACH OSOBY, KT\u00d3REJ DANE OSOBOWE S\u0104 PRZETWARZANE ZGODNIE Z ART. 13 i 14 RODO.<\/h2>\n\n\n<ol class=\"wp-block-list\">\n<li><h3>Administrator Danych Osobowych (ADO) \u2013 dane kontaktowe.<\/h3><br>1.1. Administratorem danych osobowych, czyli w skr\u00f3cie ADO, jest Polska Izba Gospodarcza Maszyn i<br>Urz\u0105dze\u0144 Rolniczych z siedzib\u0105 w Toruniu.<br><br>1.2. Dane kontaktowe ADO:<br><br> <div style=\"padding-left:30px;\">1.2.1. Nazwa: Polska Izba Gospodarcza Maszyn i Urz\u0105dze\u0144 Rolniczych<br>      1.2.2. Adres: ul. Pozna\u0144ska 118, 87-100 Toru\u0144<br>1.2.3. NIP: 879-209-41-84<br>1.2.4. KRS: 0000052908<br>1.2.5. Telefon: 56 651 47 40<br>1.2.6. E-mail: biuro@pigmiur.pl<br>1.2.7. www: www.pigmiur.pl<\/div><br><br>1.3. ADO nie powo\u0142uje Inspektora Ochrony Danych (IOD).<br>1.4. ADO przetwarza dane osobowe jako jedyny administrator. Nie przewiduje si\u0119 wyst\u0119powania<br>wsp\u00f3\u0142administratora w rozumieniu art. 26 RODO.<br>1.5. ADO odpowiada za przetwarzanie danych osobowych w Izbie.<\/li>\n\n\n\n<li><h3>Katalog praw w zakresie przetwarzania danych osobowych.<\/h3><br>2.1. <strong><span style=\"text-decoration: underline;\">Prawo dost\u0119pu do danych osobowych<\/span><\/strong><br><br>Informujemy, \u017ce przys\u0142uguje Pa\u0144stwu prawo dost\u0119pu do Pa\u0144stwa danych osobowych, kt\u00f3re przeka\u017cecie Pa\u0144stwo ADO, albo kt\u00f3re ADO pozyska\u0142 od innej osoby. Aby skorzysta\u0107 z tego prawa nale\u017cy wys\u0142a\u0107 \u017c\u0105danie w formie pisemnej listem poleconym na wskazany adres ADO albo e-mailowej na wskazany adres poczty elektronicznej ADO.<br><br>2.2. <strong><span style=\"text-decoration: underline;\">Cele przetwarzania danych osobowych<\/span><\/strong><br><br>ADO przetwarza dane osobowe w celu wspierania cz\u0142onk\u00f3w Izby i lobbowania na ich rzecz, wspierania szkolnictwa rolniczego, w szczeg\u00f3lno\u015bci zawod\u00f3w zwi\u0105zanych z mechanizacj\u0105 rolnictwa, promocji rolnictwa, bran\u017cy maszyn i urz\u0105dze\u0144 rolniczych oraz Izby, organizowania konkurs\u00f3w bran\u017cowych, organizowania i uczestniczenia w bran\u017cowych wystawach, targach, konferencjach i innego podobnego typu wydarzeniach, prowadzeniu dzia\u0142a\u0144 marketingowych i statystycznych.<br>W zakresie celu \u201eorganizowanie konkurs\u00f3w bran\u017cowych\u201d i \u201epromocji Izby\u201d mie\u015bci si\u0119 tak\u017ce przetwarzanie danych osobowych uczestnik\u00f3w konkurs\u00f3w poprzez ich publikacj\u0119 na stronie internetowej Izby i danego konkursu oraz w materia\u0142ach Izby, a tak\u017ce w bran\u017cowej prasie i innych publikatorach.<br><br>2.3. <strong><span style=\"text-decoration: underline;\">Podstawa prawna przetwarzania danych osobowych<\/span><\/strong><br><br>Rozporz\u0105dzenie Parlamentu Europejskiego i Rady (UE) 2016\/679 z 27.04.2016r. w sprawie ochrony os\u00f3b fizycznych w zwi\u0105zku z przetwarzaniem danych osobowych i w sprawie swobodnego przep\u0142ywu takich danych oraz uchylenia dyrektywy 95\/46\/WE (og\u00f3lne rozporz\u0105dzenie o ochronie danych) (Dz.Urz. UE L 119, s. 1) (RODO)<br><br><strong>\u25aa art. 6 ust. 1 lit. a) RODO przewiduj\u0105cym przetwarzanie danych osobowych na podstawie zgody danej osoby fizycznej;<br>\u25aa art. 6 ust. 1 lit. f) RODO przewiduj\u0105cym przetwarzanie danych osobowych ze wzgl\u0119du na niezb\u0119dno\u015b\u0107 dla cel\u00f3w wynikaj\u0105cych z prawnie uzasadnionych interes\u00f3w realizowanych przez administratora lub przez stron\u0119 trzeci\u0105. Interesem tym w przypadku przetwarzania danych osobowych s\u0105 dzia\u0142ania marketingowe oraz statystyczne;<\/strong><br><br>2.4. <strong><span style=\"text-decoration: underline;\">Kategorie danych osobowych i \u017ar\u00f3d\u0142o ich pochodzenia<\/span><\/strong><br><br>ADO przetwarza nast\u0119puj\u0105ce Pa\u0144stwa dane osobowe (nale\u017cy wskaza\u0107 konkretn\u0105 kategori\u0119 danych osobowych wraz z danymi zgodnie z pkt 2.27. \u2013 2.42. Polityki oraz \u017ar\u00f3d\u0142o ich pochodzenia zgodnie z pkt 7.3. Polityki): dane kontaktowe, w tym imi\u0119 i nazwisko, oraz dane szko\u0142y;<br>ADO pozyskuje dane za po\u015brednictwem strony internetowej <a href=\"http:\/\/www.pigmiur.pl\/logowanie\" target=\"_blank\" rel=\"noreferrer noopener\">www.pigmiur.pl\/logowanie<\/a> poprzez rejestracj\u0119 i wype\u0142nienie stosownego formularza, a tak\u017ce od podmiot\u00f3w trzecich.<br><br>2.5. <strong><span style=\"text-decoration: underline;\">Kategorie odbiorc\u00f3w lub os\u00f3b, kt\u00f3rym dane s\u0105 przekazywane<\/span><\/strong><br><br>Dane b\u0119d\u0105 przekazywane tylko w zakresie \u015bci\u015ble okre\u015blonym celem, dla kt\u00f3rego dane osobowe s\u0105 przetwarzane, przy czym ka\u017cdy podmiot przetwarzaj\u0105cy dane zosta\u0142 zaznajomiony i zobowi\u0105zany do przestrzegania zasad ochrony danych osobowych wynikaj\u0105cych z RODO oraz Polityki Ochrony Danych Osobowych obowi\u0105zuj\u0105cej w Izbie. Dane osobowe przetwarzane w Izbie b\u0119d\u0105 przekazywane pracownikom, zleceniobiorcom i innym wsp\u00f3\u0142pracownikom Izby oraz podmiotom wsp\u00f3\u0142pracuj\u0105cym z ADO oraz w miar\u0119 potrzeby uprawnionym organom.<br><br>2.6. <strong><span style=\"text-decoration: underline;\">Przekazywanie danych do pa\u0144stwa trzeciego<\/span><\/strong><br><br>Pa\u0144stwa dane osobowe nie b\u0119d\u0105 przekazywane do pa\u0144stwa trzeciego ani organizacji  mi\u0119dzynarodowej, na zasadach wskazanych w RODO.<br><br>2.7. <span style=\"text-decoration: underline;\"><strong>Okres przetwarzania danych osobowych<\/strong><\/span><br><br>Pa\u0144stwa dane osobowe b\u0119d\u0105 przechowywane przez okres niezb\u0119dny dla realizacji celu, dla kt\u00f3rego s\u0105 pozyskane \u2013 w ka\u017cdym razie przez okres nie d\u0142u\u017cszy ani\u017celi wynikaj\u0105cy z przepis\u00f3w obowi\u0105zuj\u0105cego prawa.<br><br>2.8. <strong><span style=\"text-decoration: underline;\">\u017b\u0105danie dost\u0119pu do danych osobowych i ich modyfikacja<\/span><\/strong><br><br>Informujemy, i\u017c macie Pa\u0144stwo prawo \u017c\u0105dania od ADO niezw\u0142ocznego sprostowania dotycz\u0105cych Pa\u0144stwa danych osobowych, kt\u00f3re s\u0105 nieprawid\u0142owe. Macie Pa\u0144stwo r\u00f3wnie\u017c prawo \u017c\u0105dania uzupe\u0142nienia niekompletnych danych osobowych, w tym poprzez przedstawienie dodatkowego o\u015bwiadczenia. Aby skorzysta\u0107 z tego prawa nale\u017cy wys\u0142a\u0107 \u017c\u0105danie w formie pisemnej listem poleconym na wskazany adres ADO albo e-mailowej na wskazany adres poczty elektronicznej ADO.<br><br>2.9. <strong><span style=\"text-decoration: underline;\">Prawo do cofni\u0119cia zgody na przetwarzanie danych osobowych<\/span><\/strong><br><br>Informujemy, i\u017c macie Pa\u0144stwo prawo do cofni\u0119cia zgody na przetwarzanie danych osobowych, jednak w takiej sytuacji cofni\u0119cie zgody nie wp\u0142ynie na zgodno\u015b\u0107 z prawem czynno\u015bci przetwarzania dokonanych zanim t\u0119 zgod\u0119 cofni\u0119to. Aby skorzysta\u0107 z tego prawa nale\u017cy wys\u0142a\u0107 \u017c\u0105danie w formie pisemnej listem poleconym na wskazany adres ADO albo e-mailowej na wskazany adres poczty elektronicznej ADO. Przy czym wskazujemy, \u017ce prawo cofni\u0119cia zgody <strong><span style=\"text-decoration: underline;\">nie b\u0119dzie skuteczne wykonane<\/span><\/strong>, je\u015bli Pa\u0144stwa dane b\u0119d\u0105 przetwarzane tak\u017ce na innej podstawie prawnej (ni\u017c zgoda) wskazanej w pkt 2.3.<br><br>2.10. <strong><span style=\"text-decoration: underline;\">Prawo wniesienia skargi<\/span><\/strong><br><br>Informujemy, i\u017c macie Pa\u0144stwo prawo do wniesienia skargi dotycz\u0105cej przetwarzania Pa\u0144stwa danych<br>osobowych. Skarg\u0119 t\u0105 mo\u017cna wnie\u015b\u0107 do organu nadzoru \u2013 zaleca si\u0119, aby dokona\u0107 tego drog\u0105 pisemn\u0105, listem poleconym.<br><br>2.11. <strong><span style=\"text-decoration: underline;\">Wym\u00f3g podania danych osobowych<\/span><\/strong><br><br>Podanie przez Pa\u0144stwa danych osobowych jest ca\u0142kowicie dobrowolne, jednak w przypadku, gdy zdecyduj\u0105 si\u0119 Pa\u0144stwo odm\u00f3wi\u0107 ich podania informujemy, i\u017c niemo\u017cliwa b\u0119dzie realizacja stosunku prawnego lub faktycznego \u0142\u0105cz\u0105cego lub maj\u0105cego \u0142\u0105czy\u0107 Pa\u0144stwa z Izb\u0105.<br><br>2.12. <strong><span style=\"text-decoration: underline;\">Informacje o podmiocie, od kt\u00f3rego pochodz\u0105 dane osobowe<\/span><\/strong><br><br>Informujemy, \u017ce Pa\u0144stwa dane zosta\u0142y pozyskane bezpo\u015brednio od Pa\u0144stwa po wype\u0142nieniu stosownej ankiety na stronie www.pigmiur.pl<br><br>2.13. <strong><span style=\"text-decoration: underline;\">Prawo do usuni\u0119cia danych osobowych<\/span><\/strong><br><br>Informujemy, \u017ce macie Pa\u0144stwo prawo \u017c\u0105dania od ADO niezw\u0142ocznego usuni\u0119cia dotycz\u0105cych Pa\u0144stwa danych osobowych, a ADO ma obowi\u0105zek bez zb\u0119dnej zw\u0142oki usun\u0105\u0107 dane osobowe, z poni\u017cszym zastrze\u017ceniem. Prawo do usuni\u0119cia danych osobowych <strong><span style=\"text-decoration: underline;\">nie przys\u0142uguje<\/span><\/strong> w sytuacji, w kt\u00f3rej przetwarzanie danych osobowych oparte jest r\u00f3wnie\u017c na podstawie prawnej innej ni\u017c zgoda osoby, kt\u00f3rej dane s\u0105 przetwarzane (zgodnie z pkt 2.3.).<br>Nadto prawo do usuni\u0119cia danych osobowych <strong><span style=\"text-decoration: underline;\">nie przys\u0142uguje<\/span><\/strong> w zakresie, w jakim przetwarzanie danych jest niezb\u0119dne do wywi\u0105zania si\u0119 przez ADO z prawnego obowi\u0105zku lub do ustalenia, dochodzenia lub obrony roszcze\u0144. Aby skorzysta\u0107 z tego prawa nale\u017cy wys\u0142a\u0107 \u017c\u0105danie w formie pisemnej listem poleconym na wskazany adres ADO albo e-mailowej na wskazany adres poczty elektronicznej ADO.<br><br>2.14. <strong><span style=\"text-decoration: underline;\">Prawo do wniesienia sprzeciwu<\/span><\/strong><br><br>Prawo do wniesienia sprzeciwu przys\u0142uguje w sytuacji przetwarzania danych osobowych w oparciu o podstaw\u0119 prawn\u0105 z art. 6 ust. 1 lit. f) RODO, tj. na potrzeby dzia\u0142a\u0144 marketingowych i statystycznych. Je\u017celi dana osoba wniesie sprzeciw wobec dzia\u0142a\u0144 marketingu bezpo\u015bredniego, danych osobowych ADO nie b\u0119dzie dalej przetwarza\u0142 do takich cel\u00f3w.<br><br>2.15. <strong><span style=\"text-decoration: underline;\">Prawo do przenoszenia danych osobowych<\/span><\/strong><br><br>Informujemy, \u017ce macie Pa\u0144stwo prawo otrzyma\u0107 w ustrukturyzowanym, powszechnie u\u017cywanym formacie nadaj\u0105cym si\u0119 do odczytu maszynowego dane osobowe, kt\u00f3re Pa\u0144stwa dotycz\u0105, a kt\u00f3re to dostarczyli\u015bcie ADO. Macie Pa\u0144stwo r\u00f3wnie\u017c prawo przes\u0142a\u0107 te dane osobowe innemu administratorowi bez przeszk\u00f3d ze strony ADO. Je\u017celi jest to technicznie mo\u017cliwe macie Pa\u0144stwo r\u00f3wnie\u017c prawo \u017c\u0105da\u0107, aby ADO przes\u0142a\u0142 wskazane dane osobowe innemu administratorowi bezpo\u015brednio.<br><br>2.16. <strong><span style=\"text-decoration: underline;\">Prawo do ograniczenia przetwarzania danych osobowych<\/span><\/strong><br><br>Informujemy, \u017ce macie Pa\u0144stwo prawo do \u017c\u0105dania od ADO ograniczenia przetwarzania Pa\u0144stwa danych osobowych w nast\u0119puj\u0105cych przypadkach:<br><br>a) gdy kwestionujecie Pa\u0144stwo prawid\u0142owo\u015b\u0107 danych osobowych &#8211; na okres pozwalaj\u0105cy administratorowi sprawdzi\u0107 prawid\u0142owo\u015b\u0107 tych danych;<br>b) gdy przetwarzanie danych jest niezgodne z prawem, a Pa\u0144stwo, sprzeciwicie si\u0119 usuni\u0119ciu danych<br>osobowych, \u017c\u0105daj\u0105c w zamian ograniczenia ich wykorzystywania;<br>c) gdy ADO nie potrzebuje ju\u017c danych osobowych do cel\u00f3w przetwarzania, ale s\u0105 one potrzebne Pa\u0144stwu, do ustalenia, dochodzenia lub obrony roszcze\u0144;<br>d) gdy wnios\u0105 Pa\u0144stwo sprzeciw wobec przetwarzania danych osobowych &#8211; do czasu stwierdzenia, czy prawnie uzasadnione podstawy po stronie ADO s\u0105 nadrz\u0119dne wobec podstaw Pa\u0144stwa sprzeciwu, za wyj\u0105tkiem sprzeciwu wobec dzia\u0142a\u0144 marketingu bezpo\u015bredniego, co do kt\u00f3rego sprzeciw Pa\u0144stwa jest bezwzgl\u0119dnie skuteczny.<\/li>\n<\/ol>\n","protected":false},"excerpt":{"rendered":"<p>KARTA INFORMACJI O PRAWACH OSOBY, KT\u00d3REJ DANE OSOBOWE S\u0104 PRZETWARZANE ZGODNIE Z ART. 13 i 14 RODO.<\/p>\n","protected":false},"author":9,"featured_media":0,"parent":0,"menu_order":-202,"comment_status":"closed","ping_status":"closed","template":"","meta":{"inline_featured_image":false,"footnotes":""},"class_list":["post-15698","page","type-page","status-publish","hentry"],"acf":[],"yoast_head":"<!-- This site is optimized with the Yoast SEO plugin v26.2 - https:\/\/yoast.com\/wordpress\/plugins\/seo\/ -->\n<title>Polityka prywatno\u015bci i cookies - AGRO SHOW<\/title>\n<meta name=\"robots\" content=\"index, follow, max-snippet:-1, max-image-preview:large, max-video-preview:-1\" \/>\n<link rel=\"canonical\" href=\"https:\/\/agroshow.pl\/agroshow\/polityka-prywatnosci\" \/>\n<meta property=\"og:locale\" content=\"pl_PL\" \/>\n<meta property=\"og:type\" content=\"article\" \/>\n<meta property=\"og:title\" content=\"Polityka prywatno\u015bci i cookies - AGRO SHOW\" \/>\n<meta property=\"og:description\" content=\"KARTA INFORMACJI O PRAWACH OSOBY, KT\u00d3REJ DANE OSOBOWE S\u0104 PRZETWARZANE ZGODNIE Z ART. 13 i 14 RODO.\" \/>\n<meta property=\"og:url\" content=\"https:\/\/agroshow.pl\/agroshow\/polityka-prywatnosci\" \/>\n<meta property=\"og:site_name\" content=\"AGRO SHOW\" \/>\n<meta property=\"article:modified_time\" content=\"2025-09-17T11:32:20+00:00\" \/>\n<meta name=\"twitter:card\" content=\"summary_large_image\" \/>\n<meta name=\"twitter:label1\" content=\"Szacowany czas czytania\" \/>\n\t<meta name=\"twitter:data1\" content=\"8 minut\" \/>\n<script type=\"application\/ld+json\" class=\"yoast-schema-graph\">{\"@context\":\"https:\/\/schema.org\",\"@graph\":[{\"@type\":\"WebPage\",\"@id\":\"https:\/\/agroshow.pl\/agroshow\/polityka-prywatnosci\",\"url\":\"https:\/\/agroshow.pl\/agroshow\/polityka-prywatnosci\",\"name\":\"Polityka prywatno\u015bci i cookies - AGRO SHOW\",\"isPartOf\":{\"@id\":\"http:\/\/agroshow.pl\/agroshow\/#website\"},\"datePublished\":\"2025-09-16T15:06:50+00:00\",\"dateModified\":\"2025-09-17T11:32:20+00:00\",\"breadcrumb\":{\"@id\":\"https:\/\/agroshow.pl\/agroshow\/polityka-prywatnosci#breadcrumb\"},\"inLanguage\":\"pl-PL\",\"potentialAction\":[{\"@type\":\"ReadAction\",\"target\":[\"https:\/\/agroshow.pl\/agroshow\/polityka-prywatnosci\"]}]},{\"@type\":\"BreadcrumbList\",\"@id\":\"https:\/\/agroshow.pl\/agroshow\/polityka-prywatnosci#breadcrumb\",\"itemListElement\":[{\"@type\":\"ListItem\",\"position\":1,\"name\":\"Strona g\u0142\u00f3wna\",\"item\":\"http:\/\/agroshow.pl\/agroshow\"},{\"@type\":\"ListItem\",\"position\":2,\"name\":\"Polityka prywatno\u015bci i cookies\"}]},{\"@type\":\"WebSite\",\"@id\":\"http:\/\/agroshow.pl\/agroshow\/#website\",\"url\":\"http:\/\/agroshow.pl\/agroshow\/\",\"name\":\"AGRO SHOW\",\"description\":\"Mi\u0119dzynarodowa Wystawa Rolnicza AGRO SHOW organizowana jest przez Polsk\u0105 Izb\u0119 Gospodarcz\u0105 Maszyn i Urz\u0105dze\u0144 Rolniczych od 1999 roku. AGRO SHOW od lat postrzegane jest jako doskona\u0142e miejsce prezentacji najnowszych i najnowocze\u015bniejszych maszyn i urz\u0105dze\u0144 rolniczych.\",\"potentialAction\":[{\"@type\":\"SearchAction\",\"target\":{\"@type\":\"EntryPoint\",\"urlTemplate\":\"http:\/\/agroshow.pl\/agroshow\/?s={search_term_string}\"},\"query-input\":{\"@type\":\"PropertyValueSpecification\",\"valueRequired\":true,\"valueName\":\"search_term_string\"}}],\"inLanguage\":\"pl-PL\"}]}<\/script>\n<!-- \/ Yoast SEO plugin. -->","yoast_head_json":{"title":"Polityka prywatno\u015bci i cookies - AGRO SHOW","robots":{"index":"index","follow":"follow","max-snippet":"max-snippet:-1","max-image-preview":"max-image-preview:large","max-video-preview":"max-video-preview:-1"},"canonical":"https:\/\/agroshow.pl\/agroshow\/polityka-prywatnosci","og_locale":"pl_PL","og_type":"article","og_title":"Polityka prywatno\u015bci i cookies - AGRO SHOW","og_description":"KARTA INFORMACJI O PRAWACH OSOBY, KT\u00d3REJ DANE OSOBOWE S\u0104 PRZETWARZANE ZGODNIE Z ART. 13 i 14 RODO.","og_url":"https:\/\/agroshow.pl\/agroshow\/polityka-prywatnosci","og_site_name":"AGRO SHOW","article_modified_time":"2025-09-17T11:32:20+00:00","twitter_card":"summary_large_image","twitter_misc":{"Szacowany czas czytania":"8 minut"},"schema":{"@context":"https:\/\/schema.org","@graph":[{"@type":"WebPage","@id":"https:\/\/agroshow.pl\/agroshow\/polityka-prywatnosci","url":"https:\/\/agroshow.pl\/agroshow\/polityka-prywatnosci","name":"Polityka prywatno\u015bci i cookies - AGRO SHOW","isPartOf":{"@id":"http:\/\/agroshow.pl\/agroshow\/#website"},"datePublished":"2025-09-16T15:06:50+00:00","dateModified":"2025-09-17T11:32:20+00:00","breadcrumb":{"@id":"https:\/\/agroshow.pl\/agroshow\/polityka-prywatnosci#breadcrumb"},"inLanguage":"pl-PL","potentialAction":[{"@type":"ReadAction","target":["https:\/\/agroshow.pl\/agroshow\/polityka-prywatnosci"]}]},{"@type":"BreadcrumbList","@id":"https:\/\/agroshow.pl\/agroshow\/polityka-prywatnosci#breadcrumb","itemListElement":[{"@type":"ListItem","position":1,"name":"Strona g\u0142\u00f3wna","item":"http:\/\/agroshow.pl\/agroshow"},{"@type":"ListItem","position":2,"name":"Polityka prywatno\u015bci i cookies"}]},{"@type":"WebSite","@id":"http:\/\/agroshow.pl\/agroshow\/#website","url":"http:\/\/agroshow.pl\/agroshow\/","name":"AGRO SHOW","description":"Mi\u0119dzynarodowa Wystawa Rolnicza AGRO SHOW organizowana jest przez Polsk\u0105 Izb\u0119 Gospodarcz\u0105 Maszyn i Urz\u0105dze\u0144 Rolniczych od 1999 roku. AGRO SHOW od lat postrzegane jest jako doskona\u0142e miejsce prezentacji najnowszych i najnowocze\u015bniejszych maszyn i urz\u0105dze\u0144 rolniczych.","potentialAction":[{"@type":"SearchAction","target":{"@type":"EntryPoint","urlTemplate":"http:\/\/agroshow.pl\/agroshow\/?s={search_term_string}"},"query-input":{"@type":"PropertyValueSpecification","valueRequired":true,"valueName":"search_term_string"}}],"inLanguage":"pl-PL"}]}},"_links":{"self":[{"href":"https:\/\/agroshow.pl\/agroshow\/wp-json\/wp\/v2\/pages\/15698","targetHints":{"allow":["GET"]}}],"collection":[{"href":"https:\/\/agroshow.pl\/agroshow\/wp-json\/wp\/v2\/pages"}],"about":[{"href":"https:\/\/agroshow.pl\/agroshow\/wp-json\/wp\/v2\/types\/page"}],"author":[{"embeddable":true,"href":"https:\/\/agroshow.pl\/agroshow\/wp-json\/wp\/v2\/users\/9"}],"replies":[{"embeddable":true,"href":"https:\/\/agroshow.pl\/agroshow\/wp-json\/wp\/v2\/comments?post=15698"}],"version-history":[{"count":17,"href":"https:\/\/agroshow.pl\/agroshow\/wp-json\/wp\/v2\/pages\/15698\/revisions"}],"predecessor-version":[{"id":15746,"href":"https:\/\/agroshow.pl\/agroshow\/wp-json\/wp\/v2\/pages\/15698\/revisions\/15746"}],"wp:attachment":[{"href":"https:\/\/agroshow.pl\/agroshow\/wp-json\/wp\/v2\/media?parent=15698"}],"curies":[{"name":"wp","href":"https:\/\/api.w.org\/{rel}","templated":true}]}}