{"id":13704,"date":"2025-08-25T10:24:00","date_gmt":"2025-08-25T08:24:00","guid":{"rendered":"https:\/\/agroshow.pl\/agroshow?page_id=13704"},"modified":"2025-09-05T13:48:43","modified_gmt":"2025-09-05T11:48:43","slug":"nowosci-agro-show-2025","status":"publish","type":"page","link":"https:\/\/agroshow.pl\/agroshow\/dla-zwiedzajacych\/nowosci-agro-show-2025","title":{"rendered":"Nowo\u015bci AGRO SHOW 2025"},"content":{"rendered":"\n<p><strong>Predstawiamy Pa\u0144stwu nowo\u015bci od wystawc\u00f3w obecnych na AGRO SHOW 2025, kt\u00f3re ju\u017c nied\u0142ugo b\u0119d\u0105 mogli Pa\u0144stwo zobaczy\u0107 na naszej wystawie 19 &#8211; 21 wrze\u015bnia 2025 r. w Bednarach.<\/strong><\/p>\n\n\n\n<p>Zapraszamy  do zapoznania si\u0119 z list\u0105,  to \u015bwietna okazja, \u017ceby odkry\u0107 co\u015b naprawd\u0119 wyj\u0105tkowego i nie przegapi\u0107 innowacyjnych produkt\u00f3w. Zach\u0119camy do sprawdzenia, co w tym roku przygotowali dla Pa\u0144stwa wystawcy!<\/p>\n\n\n\n<a target=\"_blank\" href=\"https:\/\/agroshow.pl\/agroshow\/wp-content\/uploads\/2025\/08\/Nowosci-LEMKEN.zip\" class=\"file\"><span>LEMKEN<\/span><\/a><a target=\"_blank\" href=\"https:\/\/agroshow.pl\/agroshow\/wp-content\/uploads\/2025\/08\/Nowe-maszyny-Agro-Show-2025-KVERNELAND.docx\" class=\"file\"><span>KVERNELAND<\/span><\/a><a target=\"_blank\" href=\"https:\/\/agroshow.pl\/agroshow\/wp-content\/uploads\/2025\/08\/DEUTZ-FAHR.zip\" class=\"file\"><span>DEUTZ-FAHR<\/span><\/a><a target=\"_blank\" href=\"https:\/\/agroshow.pl\/agroshow\/wp-content\/uploads\/2025\/08\/Gregoire-Besson.zip\" class=\"file\"><span>GREGOIRE- BESSON<\/span><\/a><a target=\"_blank\" href=\"https:\/\/agroshow.pl\/agroshow\/wp-content\/uploads\/2025\/08\/ASCENSO.zip\" class=\"file\"><span>ASCENSO<\/span><\/a><a target=\"_blank\" href=\"https:\/\/agroshow.pl\/agroshow\/wp-content\/uploads\/2025\/08\/Horpol.zip\" class=\"file\"><span>HORPOL<\/span><\/a><a target=\"_blank\" href=\"https:\/\/agroshow.pl\/agroshow\/wp-content\/uploads\/2025\/08\/KUHN.zip\" class=\"file\"><span>KUHN<\/span><\/a><a target=\"_blank\" href=\"https:\/\/agroshow.pl\/agroshow\/wp-content\/uploads\/2025\/09\/AGRO-Sznajder.zip\" class=\"file\"><span>AGRO SZNAJDER WKP<\/span><\/a><a target=\"_blank\" href=\"https:\/\/agroshow.pl\/agroshow\/wp-content\/uploads\/2025\/09\/agro-tom.zip\" class=\"file\"><span>AGRO-TOM<\/span><\/a><a target=\"_blank\" href=\"https:\/\/agroshow.pl\/agroshow\/wp-content\/uploads\/2025\/09\/ARETE-Klejbuk-Sp.j.zip\" class=\"file\"><span>ARETE Klejbuk Sp.j. <\/span><\/a><a target=\"_blank\" href=\"https:\/\/agroshow.pl\/agroshow\/wp-content\/uploads\/2025\/09\/nowocimetaltechagroshow2025tekstzdjcia.zip\" class=\"file\"><span>METALTECH<\/span><\/a><a target=\"_blank\" href=\"https:\/\/agroshow.pl\/agroshow\/wp-content\/uploads\/2025\/09\/KMK-Agro-Nowosci-Agro-Show-2025.zip\" class=\"file\"><span>KMK Agro <\/span><\/a><a target=\"_blank\" href=\"https:\/\/agroshow.pl\/agroshow\/wp-content\/uploads\/2025\/09\/RCM.zip\" class=\"file\"><span>RCM<\/span><\/a><a target=\"_blank\" href=\"https:\/\/agroshow.pl\/agroshow\/wp-content\/uploads\/2025\/09\/EUROMILK.zip\" class=\"file\"><span>EUROMILK<\/span><\/a><a target=\"_blank\" href=\"https:\/\/agroshow.pl\/agroshow\/wp-content\/uploads\/2025\/09\/MERLO-POLSKA.zip\" class=\"file\"><span>MERLO POLSKA<\/span><\/a>\n","protected":false},"excerpt":{"rendered":"<p>Predstawiamy Pa\u0144stwu nowo\u015bci od wystawc\u00f3w obecnych na AGRO SHOW 2025, kt\u00f3re ju\u017c nied\u0142ugo b\u0119d\u0105 mogli Pa\u0144stwo zobaczy\u0107 na naszej wystawie 19 &#8211; 21 wrze\u015bnia 2025 r. w Bednarach. Zapraszamy do zapoznania si\u0119 z list\u0105, to \u015bwietna okazja, \u017ceby odkry\u0107 co\u015b naprawd\u0119 wyj\u0105tkowego i nie przegapi\u0107 innowacyjnych produkt\u00f3w. Zach\u0119camy do sprawdzenia, co w tym roku przygotowali [&hellip;]<\/p>\n","protected":false},"author":9,"featured_media":0,"parent":119,"menu_order":0,"comment_status":"closed","ping_status":"closed","template":"","meta":{"inline_featured_image":false,"footnotes":""},"class_list":["post-13704","page","type-page","status-publish","hentry"],"acf":[],"yoast_head":"<!-- This site is optimized with the Yoast SEO plugin v26.2 - https:\/\/yoast.com\/wordpress\/plugins\/seo\/ -->\n<title>Nowo\u015bci AGRO SHOW 2025 - AGRO SHOW<\/title>\n<meta name=\"robots\" content=\"index, follow, max-snippet:-1, max-image-preview:large, max-video-preview:-1\" \/>\n<link rel=\"canonical\" href=\"https:\/\/agroshow.pl\/agroshow\/dla-zwiedzajacych\/nowosci-agro-show-2025\" \/>\n<meta property=\"og:locale\" content=\"pl_PL\" \/>\n<meta property=\"og:type\" content=\"article\" \/>\n<meta property=\"og:title\" content=\"Nowo\u015bci AGRO SHOW 2025 - AGRO SHOW\" \/>\n<meta property=\"og:description\" content=\"Predstawiamy Pa\u0144stwu nowo\u015bci od wystawc\u00f3w obecnych na AGRO SHOW 2025, kt\u00f3re ju\u017c nied\u0142ugo b\u0119d\u0105 mogli Pa\u0144stwo zobaczy\u0107 na naszej wystawie 19 &#8211; 21 wrze\u015bnia 2025 r. w Bednarach. Zapraszamy do zapoznania si\u0119 z list\u0105, to \u015bwietna okazja, \u017ceby odkry\u0107 co\u015b naprawd\u0119 wyj\u0105tkowego i nie przegapi\u0107 innowacyjnych produkt\u00f3w. Zach\u0119camy do sprawdzenia, co w tym roku przygotowali [&hellip;]\" \/>\n<meta property=\"og:url\" content=\"https:\/\/agroshow.pl\/agroshow\/dla-zwiedzajacych\/nowosci-agro-show-2025\" \/>\n<meta property=\"og:site_name\" content=\"AGRO SHOW\" \/>\n<meta property=\"article:modified_time\" content=\"2025-09-05T11:48:43+00:00\" \/>\n<meta name=\"twitter:card\" content=\"summary_large_image\" \/>\n<meta name=\"twitter:label1\" content=\"Szacowany czas czytania\" \/>\n\t<meta name=\"twitter:data1\" content=\"1 minuta\" \/>\n<script type=\"application\/ld+json\" class=\"yoast-schema-graph\">{\"@context\":\"https:\/\/schema.org\",\"@graph\":[{\"@type\":\"WebPage\",\"@id\":\"https:\/\/agroshow.pl\/agroshow\/dla-zwiedzajacych\/nowosci-agro-show-2025\",\"url\":\"https:\/\/agroshow.pl\/agroshow\/dla-zwiedzajacych\/nowosci-agro-show-2025\",\"name\":\"Nowo\u015bci AGRO SHOW 2025 - AGRO SHOW\",\"isPartOf\":{\"@id\":\"http:\/\/agroshow.pl\/agroshow\/#website\"},\"datePublished\":\"2025-08-25T08:24:00+00:00\",\"dateModified\":\"2025-09-05T11:48:43+00:00\",\"breadcrumb\":{\"@id\":\"https:\/\/agroshow.pl\/agroshow\/dla-zwiedzajacych\/nowosci-agro-show-2025#breadcrumb\"},\"inLanguage\":\"pl-PL\",\"potentialAction\":[{\"@type\":\"ReadAction\",\"target\":[\"https:\/\/agroshow.pl\/agroshow\/dla-zwiedzajacych\/nowosci-agro-show-2025\"]}]},{\"@type\":\"BreadcrumbList\",\"@id\":\"https:\/\/agroshow.pl\/agroshow\/dla-zwiedzajacych\/nowosci-agro-show-2025#breadcrumb\",\"itemListElement\":[{\"@type\":\"ListItem\",\"position\":1,\"name\":\"Strona g\u0142\u00f3wna\",\"item\":\"http:\/\/agroshow.pl\/agroshow\"},{\"@type\":\"ListItem\",\"position\":2,\"name\":\"Dla zwiedzaj\u0105cych\",\"item\":\"https:\/\/agroshow.pl\/agroshow\/dla-zwiedzajacych\"},{\"@type\":\"ListItem\",\"position\":3,\"name\":\"Nowo\u015bci AGRO SHOW 2025\"}]},{\"@type\":\"WebSite\",\"@id\":\"http:\/\/agroshow.pl\/agroshow\/#website\",\"url\":\"http:\/\/agroshow.pl\/agroshow\/\",\"name\":\"AGRO SHOW\",\"description\":\"Mi\u0119dzynarodowa Wystawa Rolnicza AGRO SHOW organizowana jest przez Polsk\u0105 Izb\u0119 Gospodarcz\u0105 Maszyn i Urz\u0105dze\u0144 Rolniczych od 1999 roku. AGRO SHOW od lat postrzegane jest jako doskona\u0142e miejsce prezentacji najnowszych i najnowocze\u015bniejszych maszyn i urz\u0105dze\u0144 rolniczych.\",\"potentialAction\":[{\"@type\":\"SearchAction\",\"target\":{\"@type\":\"EntryPoint\",\"urlTemplate\":\"http:\/\/agroshow.pl\/agroshow\/?s={search_term_string}\"},\"query-input\":{\"@type\":\"PropertyValueSpecification\",\"valueRequired\":true,\"valueName\":\"search_term_string\"}}],\"inLanguage\":\"pl-PL\"}]}<\/script>\n<!-- \/ Yoast SEO plugin. -->","yoast_head_json":{"title":"Nowo\u015bci AGRO SHOW 2025 - AGRO SHOW","robots":{"index":"index","follow":"follow","max-snippet":"max-snippet:-1","max-image-preview":"max-image-preview:large","max-video-preview":"max-video-preview:-1"},"canonical":"https:\/\/agroshow.pl\/agroshow\/dla-zwiedzajacych\/nowosci-agro-show-2025","og_locale":"pl_PL","og_type":"article","og_title":"Nowo\u015bci AGRO SHOW 2025 - AGRO SHOW","og_description":"Predstawiamy Pa\u0144stwu nowo\u015bci od wystawc\u00f3w obecnych na AGRO SHOW 2025, kt\u00f3re ju\u017c nied\u0142ugo b\u0119d\u0105 mogli Pa\u0144stwo zobaczy\u0107 na naszej wystawie 19 &#8211; 21 wrze\u015bnia 2025 r. w Bednarach. Zapraszamy do zapoznania si\u0119 z list\u0105, to \u015bwietna okazja, \u017ceby odkry\u0107 co\u015b naprawd\u0119 wyj\u0105tkowego i nie przegapi\u0107 innowacyjnych produkt\u00f3w. Zach\u0119camy do sprawdzenia, co w tym roku przygotowali [&hellip;]","og_url":"https:\/\/agroshow.pl\/agroshow\/dla-zwiedzajacych\/nowosci-agro-show-2025","og_site_name":"AGRO SHOW","article_modified_time":"2025-09-05T11:48:43+00:00","twitter_card":"summary_large_image","twitter_misc":{"Szacowany czas czytania":"1 minuta"},"schema":{"@context":"https:\/\/schema.org","@graph":[{"@type":"WebPage","@id":"https:\/\/agroshow.pl\/agroshow\/dla-zwiedzajacych\/nowosci-agro-show-2025","url":"https:\/\/agroshow.pl\/agroshow\/dla-zwiedzajacych\/nowosci-agro-show-2025","name":"Nowo\u015bci AGRO SHOW 2025 - AGRO SHOW","isPartOf":{"@id":"http:\/\/agroshow.pl\/agroshow\/#website"},"datePublished":"2025-08-25T08:24:00+00:00","dateModified":"2025-09-05T11:48:43+00:00","breadcrumb":{"@id":"https:\/\/agroshow.pl\/agroshow\/dla-zwiedzajacych\/nowosci-agro-show-2025#breadcrumb"},"inLanguage":"pl-PL","potentialAction":[{"@type":"ReadAction","target":["https:\/\/agroshow.pl\/agroshow\/dla-zwiedzajacych\/nowosci-agro-show-2025"]}]},{"@type":"BreadcrumbList","@id":"https:\/\/agroshow.pl\/agroshow\/dla-zwiedzajacych\/nowosci-agro-show-2025#breadcrumb","itemListElement":[{"@type":"ListItem","position":1,"name":"Strona g\u0142\u00f3wna","item":"http:\/\/agroshow.pl\/agroshow"},{"@type":"ListItem","position":2,"name":"Dla zwiedzaj\u0105cych","item":"https:\/\/agroshow.pl\/agroshow\/dla-zwiedzajacych"},{"@type":"ListItem","position":3,"name":"Nowo\u015bci AGRO SHOW 2025"}]},{"@type":"WebSite","@id":"http:\/\/agroshow.pl\/agroshow\/#website","url":"http:\/\/agroshow.pl\/agroshow\/","name":"AGRO SHOW","description":"Mi\u0119dzynarodowa Wystawa Rolnicza AGRO SHOW organizowana jest przez Polsk\u0105 Izb\u0119 Gospodarcz\u0105 Maszyn i Urz\u0105dze\u0144 Rolniczych od 1999 roku. AGRO SHOW od lat postrzegane jest jako doskona\u0142e miejsce prezentacji najnowszych i najnowocze\u015bniejszych maszyn i urz\u0105dze\u0144 rolniczych.","potentialAction":[{"@type":"SearchAction","target":{"@type":"EntryPoint","urlTemplate":"http:\/\/agroshow.pl\/agroshow\/?s={search_term_string}"},"query-input":{"@type":"PropertyValueSpecification","valueRequired":true,"valueName":"search_term_string"}}],"inLanguage":"pl-PL"}]}},"_links":{"self":[{"href":"https:\/\/agroshow.pl\/agroshow\/wp-json\/wp\/v2\/pages\/13704","targetHints":{"allow":["GET"]}}],"collection":[{"href":"https:\/\/agroshow.pl\/agroshow\/wp-json\/wp\/v2\/pages"}],"about":[{"href":"https:\/\/agroshow.pl\/agroshow\/wp-json\/wp\/v2\/types\/page"}],"author":[{"embeddable":true,"href":"https:\/\/agroshow.pl\/agroshow\/wp-json\/wp\/v2\/users\/9"}],"replies":[{"embeddable":true,"href":"https:\/\/agroshow.pl\/agroshow\/wp-json\/wp\/v2\/comments?post=13704"}],"version-history":[{"count":16,"href":"https:\/\/agroshow.pl\/agroshow\/wp-json\/wp\/v2\/pages\/13704\/revisions"}],"predecessor-version":[{"id":14963,"href":"https:\/\/agroshow.pl\/agroshow\/wp-json\/wp\/v2\/pages\/13704\/revisions\/14963"}],"up":[{"embeddable":true,"href":"https:\/\/agroshow.pl\/agroshow\/wp-json\/wp\/v2\/pages\/119"}],"wp:attachment":[{"href":"https:\/\/agroshow.pl\/agroshow\/wp-json\/wp\/v2\/media?parent=13704"}],"curies":[{"name":"wp","href":"https:\/\/api.w.org\/{rel}","templated":true}]}}